122122212010
What is -2c4a2 (base 14) in base 13?
-3b4c4
11001101101111110 (base 2) to base 7
616056
Convert 213331 (base 9) to base 7.
1036414
What is c5 (base 15) in base 4?
2321
Convert 10202010120 (base 3) to base 12.
367b9
Convert 100121303 (base 5) to base 14.
a404b
Convert -b36b4 (base 12) to base 10.
-234280
Convert 187398 (base 10) to base 11.
118882
Convert 12003275 (base 8) to base 16.
2806bd
What is 175254 (base 8) in base 13?
23294
What is -3202321031 (base 4) in base 15?
-135572
Convert -89da0 (base 14) to base 7.
-2562560
What is 11122141 (base 5) in base 15?
1e266
What is 222325 (base 6) in base 8?
44415
16183202 (base 9) to base 10
8085503
What is 11601667 (base 8) in base 7?
30506250
What is -20b93c (base 13) in base 2?
-10111011100101000101
15683 (base 9) to base 3
112202210
What is -16113212 (base 8) in base 2?
-1110001001011010001010
What is 73b34 (base 13) in base 12?
a0744
What is -10052354 (base 10) in base 3?
-200220201020102
Convert 211a94 (base 11) to base 6.
11135123
Convert 256594 (base 10) to base 8.
765122
What is 54342542 (base 7) in base 11?
26960a4
-24221c (base 13) to base 11
-539361
Convert 1495886 (base 12) to base 5.
2032142310
Convert -122266 (base 9) to base 7.
-425211
What is -265726 (base 9) in base 5?
-20133300
What is 2436326 (base 7) in base 14?
81986
-1013864 (base 10) to base 8
-3674150
641b6 (base 15) to base 6
10450330
Convert 2513322 (base 7) to base 16.
4ed6e
Convert 25611b (base 13) to base 12.
374152
-11e26b (base 15) to base 7
-10201610
102525 (base 10) to base 7
604623
Convert 7cc5b (base 16) to base 4.
1330301123
310112332333 (base 4) to base 3
221211100000201
330768 (base 11) to base 5
113343442
Convert 255717 (base 12) to base 16.
952c3
241940 (base 15) to base 9
3221536
What is -111111120201 (base 3) in base 6?
-5410244
Convert -1135158 (base 9) to base 5.
-124121302
4476006 (base 8) to base 12
4a505a
What is 1333013113 (base 4) in base 9?
873184
4a047a (base 12) to base 9
2233624
What is 1201310033 (base 4) in base 11?
254022
What is 1408706 (base 12) in base 2?
1111001111100111110110
117b2a9 (base 13) to base 8
24537121
Convert -100110100000111100011011 (base 2) to base 5.
-10041041121
Convert -11642613 (base 7) to base 10.
-1052628
Convert -6319a (base 14) to base 15.
-4ac75
-574478 (base 13) to base 2
-111111000011000100011
-313087a (base 12) to base 5
-4333121423
6039300 (base 12) to base 5
14101302341
-2000012240 (base 5) to base 8
-16717173
What is 130536136 (base 7) in base 16?
7f1662
What is 2033220111 (base 4) in base 6?
20335353
Convert -2012013 (base 7) to base 14.
-62c43
What is -11025375 (base 8) in base 14?
-459b53
177432 (base 8) to base 13
23957
b002b (base 14) to base 13
11a48b
Convert -171763 (base 8) to base 15.
-13786
5344528 (base 9) to base 5
1213121233
What is a839 (base 16) in base 11?
2a3a0
110010011100110100 (base 2) to base 11
131289
What is -210222112102 (base 3) in base 9?
-728472
c3c7cc (base 13) to base 12
164406a
Convert -14564616 (base 7) to base 5.
-324104014
Convert -1645554 (base 8) to base 2.
-1110100101101101100
-110210210001222 (base 3) to base 14
-c92469
Convert -677327 (base 9) to base 2.
-1100011000001011000
-81ae (base 16) to base 15
-9c83
-69086 (base 16) to base 4
-1221002012
Convert 101111000111 (base 2) to base 16.
bc7
Convert -696038 (base 14) to base 8.
-15542122
-230031 (base 6) to base 3
-222200201
Convert 1fd2b9 (base 16) to base 7.
23504232
Convert 220021310 (base 4) to base 9.
270542
1011010101001001 (base 2) to base 12
22a35
-1350222 (base 6) to base 3
-10220000012
What is -11110110000101001 (base 2) in base 9?
-211742
What is -10001101220122 (base 3) in base 14?
-303145
10011100001100010 (base 2) to base 9
131625
Convert -10110001110010101 (base 2) to base 11.
-62434
3413004 (base 5) to base 15
12d54
-152253540 (base 6) to base 4
-30030021210
What is 1126a9 (base 13) in base 11?
257647
Convert -1244523 (base 6) to base 12.
-33743
Convert 9452 (base 13) to base 12.
ba58
What is 10620620 (base 7) in base 12?
389a9b
Convert d266 (base 15) to base 16.
ad85
What is 2121002101 (base 3) in base 4?
30132112
What is -1023473 (base 9) in base 7?
-4436106
What is 10123323 (base 4) in base 6?
220043
Convert -5843360 (base 10) to base 4.
-112102212200
-4521253 (base 6) to base 15
-47a2c
Convert -196375 (base 10) to base 7.
-1445344
What is 259049 (base 10) in base 12?
105ab5
Convert -1588b1 (base 12) to base 16.
-59c05
-310435 (base 8) to base 14
-295c9
-4814104 (base 9) to base 10
-2607718
What is 1016006 (base 10) in base 14?
1c639c
1000000010000001110011 (base 2) to base 3
10221222010222
Convert 282ec (base 16) to base 2.
101000001011101100
What is 5c174 (base 15) in base 9?
487211
Convert a0719c (base 13) to base 14.
6d0b71
Convert -4dbf2 (base 16) to base 15.
-64550
6df0c (base 16) to base 4
1231330030
What is -349738 (base 10) in base 6?
-11255054
Convert -29289 (base 11) to base 16.
-a280
Convert 101515463 (base 7) to base 8.
26615632
What is -2002021101002 (base 3) in base 5?
-240420443
What is -27fac (base 16) in base 9?
-268561
20002940 (base 10) to base 6
1552422112
Convert -1965a7 (base 13) to base 11.
-3a97a7
What is 22012210001212 (base 3) in base 11?
2511797
Convert -107384 (base 10) to base 12.
-52188
Convert 11475532 (base 8) to base 3.
11202010110102
Convert -10b236 (base 12) to base 15.
-546d0
221253 (base 6) to base 16
4821
What is -110321301 (base 5) in base 8?
-1650530
What is -70870 (base 13) in base 12?
-9864a
Convert 214922 (base 11) to base 10.
343180
-120210011 (base 3) to base 13
-5311
Convert 1749b (base 13) to base 6.
543052
Convert -211078 (base 9) to base 16.
-1ea13
20130331222 (base 4) to base 12
8aa34a
-3124311 (base 5) to base 9
-78080
What is 16598 (base 15) in base 11?
4a225
11a261 (base 12) to base 16
461e9
Convert -3303422213 (base 5) to base 4.
-123003133113
What is a661 (base 14) in base 11?
1a622
-11102211002 (base 4) to base 13
-397304
Convert -5a106a (base 13) to base 11.
-12350a9
181a153 (base 14) to base 2
101101011000110110001101
22210300 (base 5) to base 7
1436624
-3100023 (base 6) to base 13
-52341
500612 (base 7) to base 13
2c507
Convert -1000010011011000111 (base 2) to base 5.
-32201241
Convert -a6a46 (base 12) to base 13.
-78a23
What is 10740040 (base 8) in base 2?
1000111100000000100000
Convert -11264 (base 15) to base 12.
-27694
Convert -1581054 (base 11) to base 3.
-12001221022012
What is -51414331 (base 8) in base 2?
-101001100001100011011001
What is 2403460 (base 8) in base 10?
657200
What is -1010111110001111001 (base 2) in base 4?
-1113301321
-387a02a (base 11) to base 6
-400002040
13111230 (base 5) to base 12
62750
Convert -532606 (base 7) to base 10.
-92224
Convert a295c (base 15) to base 4.
1331300220
What is 13134133 (base 5) in base 3?
20122001221
Convert 1100010110001100110 (base 2) to base 15.
7ed22
What is 221854a (base 12) in base 8?
30641012
What is 2567566 (base 8) in base 14?
149262
-22022200101 (base 4) to base 3
-12000100221220
-194a83 (base 11) to base 4
-1021012311
Convert 1002120021 (base 3) to base 16.
5431
-13202011122 (base 4) to base 5
-1001141433
What is -6101006 (base 7) in base 3?
-1100201211122
What is 1931985 (base 12) in base 4?
110023230311
Convert -2727a1 (base 12) to base 5.
-131204101
Convert 101147 (base 11) to base 15.
3326e
What is 200323002 (base 4) in base 12?
66056
3e04c (base 16) to base 12
103010
-1d29ca (base 15) to base 11
-8947a7
492173 (base 11) to base 10
778836
What is -2141400 (base 6) in base 10?
-106632
What is 4d88a (base 15) in base 12?
bb841
Convert 1309 (base 13) to base 11.
2047
Convert -31033141 (base 5) to base 2.
-111101100110001000
What is -1323133213 (base 4) in base 12?
-204887
Convert 3527115 (base 8) to base 14.
1b08b3
-31442322 (base 5) to base 16
-40c79
Convert -187650 (base 9) to base 2.
-11100100110110011
Convert 80448b (base 13) to base 5.
1230324143
Convert -311602 (base 9) to base 11.
-116a34
50094 (base 16) to base 10
327828
-c2112b (base 15) to base 13
-1ba95a1
What is 965a090 (base 11) in base 6?
1404145401
What is -1705444 (base 8) in base 16?
-78b24
What is -518543 (base 10) in base 14?
-d6d8b
What is -1204455 (base 6) in base 12?
-3072b
636174 (base 12) to base 11
97a455
What is 113da8 (base 14) in base 13?